{"id":65013,"date":"2024-09-11T20:17:53","date_gmt":"2024-09-12T01:17:53","guid":{"rendered":"https:\/\/kinshipradio.org\/home\/?page_id=65013"},"modified":"2024-09-11T20:17:53","modified_gmt":"2024-09-12T01:17:53","slug":"staff-ismael-martinez-es","status":"publish","type":"page","link":"https:\/\/kinshipradio.org\/home\/staff-ismael-martinez-es\/","title":{"rendered":"Personal &#8211; Ismael Martinez"},"content":{"rendered":"<p style=\"text-align: left;\"><img loading=\"lazy\" decoding=\"async\" class=\"wp-image-44295 size-full alignleft\" src=\"https:\/\/kinshipradio.org\/home\/wp-content\/uploads\/2022\/12\/Bio-Ismael-Martinez.jpg\" alt=\"\" width=\"250\" height=\"250\" srcset=\"https:\/\/kinshipradio.org\/home\/wp-content\/uploads\/2022\/12\/Bio-Ismael-Martinez.jpg 250w, https:\/\/kinshipradio.org\/home\/wp-content\/uploads\/2022\/12\/Bio-Ismael-Martinez-80x80.jpg 80w, https:\/\/kinshipradio.org\/home\/wp-content\/uploads\/2022\/12\/Bio-Ismael-Martinez-100x100.jpg 100w, https:\/\/kinshipradio.org\/home\/wp-content\/uploads\/2022\/12\/Bio-Ismael-Martinez-140x140.jpg 140w\" sizes=\"(max-width: 250px) 100vw, 250px\" \/><span style=\"font-size: 18pt; font-family: arial, helvetica, sans-serif;\"><strong>Ismael Martinez<\/strong><\/span><br \/>\n<span style=\"font-family: arial, helvetica, sans-serif;\"><span style=\"font-family: arial, helvetica, sans-serif; font-size: 14pt;\">Locutor<\/span><\/span><\/p>\n<p><span style=\"font-family: arial, helvetica, sans-serif; font-size: 14pt;\">Ismael es locutor de medio tiempo en el Ministerio en espa\u00f1ol de Kinship Radio. Comenz\u00f3 como voluntario y fue contratado como locutor a medio tiempo en noviembre de 2014. Ismael es un hombre de muchos talentos y ocupaciones. Como contratista de obras, Ismael ha ayudado con muchos proyectos de construcci\u00f3n en Kinship Radio. Tambi\u00e9n ayuda en el ministerio hispano en su iglesia y sirve en el ministerio en hospitales y prisiones. Originario de M\u00e9xico, \u00e9l y su esposa Elizabeth han hecho de Minnesota su hogar desde 2001. Son padres de dos hijos adultos.<\/span><\/p>\n","protected":false},"excerpt":{"rendered":"<p>Ismael Martinez Locutor Ismael es locutor de medio tiempo en el Ministerio en espa\u00f1ol de Kinship Radio. Comenz\u00f3 como voluntario y fue contratado como locutor a medio tiempo en noviembre&#8230;<\/p>\n","protected":false},"author":1,"featured_media":0,"parent":0,"menu_order":0,"comment_status":"closed","ping_status":"closed","template":"page-left-sidebar.php","meta":{"_acf_changed":false,"_monsterinsights_skip_tracking":false,"_monsterinsights_sitenote_active":false,"_monsterinsights_sitenote_note":"","_monsterinsights_sitenote_category":0,"_price":"","_stock":"","_tribe_ticket_header":"","_tribe_default_ticket_provider":"","_tribe_ticket_capacity":"0","_ticket_start_date":"","_ticket_end_date":"","_tribe_ticket_show_description":"","_tribe_ticket_show_not_going":false,"_tribe_ticket_use_global_stock":"","_tribe_ticket_global_stock_level":"","_global_stock_mode":"","_global_stock_cap":"","_tribe_rsvp_for_event":"","_tribe_ticket_going_count":"","_tribe_ticket_not_going_count":"","_tribe_tickets_list":"[]","_tribe_ticket_has_attendee_info_fields":false,"footnotes":"","_tec_slr_enabled":"","_tec_slr_layout":""},"acf":[],"publishpress_future_action":{"enabled":false,"date":"2026-04-20 05:33:35","action":"change-status","newStatus":"draft","terms":[],"taxonomy":""},"ticketed":false,"_links":{"self":[{"href":"https:\/\/kinshipradio.org\/home\/wp-json\/wp\/v2\/pages\/65013"}],"collection":[{"href":"https:\/\/kinshipradio.org\/home\/wp-json\/wp\/v2\/pages"}],"about":[{"href":"https:\/\/kinshipradio.org\/home\/wp-json\/wp\/v2\/types\/page"}],"author":[{"embeddable":true,"href":"https:\/\/kinshipradio.org\/home\/wp-json\/wp\/v2\/users\/1"}],"replies":[{"embeddable":true,"href":"https:\/\/kinshipradio.org\/home\/wp-json\/wp\/v2\/comments?post=65013"}],"version-history":[{"count":0,"href":"https:\/\/kinshipradio.org\/home\/wp-json\/wp\/v2\/pages\/65013\/revisions"}],"wp:attachment":[{"href":"https:\/\/kinshipradio.org\/home\/wp-json\/wp\/v2\/media?parent=65013"}],"curies":[{"name":"wp","href":"https:\/\/api.w.org\/{rel}","templated":true}]}}